g) = g**2 + 5*g + 1. Let d(j) = j**3 + 12*j**2 + 10*j - 9. Let f be d(-11). Let i = f - 2. Suppose -27 = 3*w + 3*s, -w + i*s - 19 = 3*s. What is c(w)?
-3
Let d(o) = -2*o**3 - 6*o**2 - 7*o + 1. Let m be (36/84)/((-39)/182). What is d(m)?
7
Let i be 8/40 + (-42)/(-15). Suppose l + 4 = 0, -34 = i*g - 0*g + l. Let n(a) = -a**3 - 9*a**2 + 10*a + 3. Determine n(g).
3
Let h(w) = w**3 - 6*w + 12. Let s be (-2 + 6 - 4)*5/((-90)/9). Give h(s).
12
Suppose -3*y + 3 = 3*o, 5*o + 99 = -4*y + 104. Let m(c) = -c**2 + 18*c + 28. What is m(y)?
28
Let j(i) = -i**2 - 6*i + 12. Let u be j(-7). Let b(l) = 3*l - 2*l**2 - u*l**3 - 3 + 2 + 3*l**3 + 3*l**3. Let r = -1965 - -1967. What is b(r)?
5
Let a(k) = -7*k + 0*k + 16*k**2 + 25*k**2 - 42*k**2. Determine a(-6).
6
Let c(k) = -k**2 + 14*k + 5. Let g(a) = -a**2 - 116*a - 653. Let y be g(-6). Calculate c(y).
54
Let o(w) = -w**2 + 19*w - 53. Let r be o(18). Let s = -32 - r. Let z(f) = 5*f**2 + f**3 - f**2 - 2*f**s - 2 - 8*f**2. What is z(-4)?
-2
Suppose 11*p = 2*p - 90. Let y(g) be the third derivative of -g**4/24 - 2*g**3 - 77*g**2 + 6*g. Determine y(p).
-2
Let h(x) be the second derivative of 7*x**3/6 + 33*x**2/2 + 5311*x. Calculate h(-6).
-9
Let t = -226 + 227. Let p(x) = -2*x**3 - 5*x + 3. Let v(g) = -g**3 + g**2 - g + 2. Let s(k) = t*p(k) - 3*v(k). Determine s(3).
-9
Let l(y) = 5*y**2 + 12*y - 20. Let i be l(6). Let x be ((-3)/(-15) - 0) + i/40. Let m(j) = -7 + 0*j**3 + 8*j - 2 + 5*j**2 - j**3. Give m(x).
3
Let y(q) = -3*q**2 + 3*q + 6. Let l = -3078 + 3076. Give y(l).
-12
Let d(y) = 14*y + 661 - 867 - 8*y + 26*y - 74*y. Give d(-5).
4
Let y(k) = -k**3 - k**2 + 18*k - 70. Suppose 4*b - 4*i - 327 = -363, 5*b - i = -33. What is y(b)?
2
Let u(a) = 10 - 14 - 2324*a - 2326*a + 4646*a - a**2. Let c(y) = y**3 - 3*y**2 - 6*y + 5. Let d be c(4). Give u(d).
-1
Let g(q) = q**3 + 10*q**2 - q + 13. Suppose -k - 5*r - 73 = -38, -5*k = -4*r + 30. What is g(k)?
23
Let y(b) = -8*b + 19. Let m(r) = -7*r + 20. Let w(c) = 4*m(c) - 3*y(c). Let d be w(7). Let j be (6/d)/((-33)/(-220)). Let a(v) = v + 5. Give a(j).
-3
Let l(h) = -22 - 4 - 9 - 9*h. Let s be l(-4). Let i(y) be the second derivative of -y**4/3 - y**3/6 + y**2/2 + 10*y. Determine i(s).
-4
Suppose 21*w - 14937 = -14958. Let i(g) = g + 2*g - 2 - 1 - 9*g**2. Let s(f) = 9*f**2 - 4*f + 4. Let o(y) = 4*i(y) + 3*s(y). Calculate o(w).
-9
Let c(j) = -11*j**3 - 4*j**2 + j - 7. Let p(g) = -g - 7*g**3 - 7*g**3 + 3*g**2 + 5 + 21*g**3. Let d(o) = 5*c(o) + 8*p(o). Give d(-5).
-5
Let v(a) = -870551*a + 12 + 870522*a + 81. Determine v(4).
-23
Let b(o) = -7*o**2 - 9*o + 9. Let g(y) = -8*y**2 - 11*y + 9. Let x(j) = 7*b(j) - 6*g(j). Calculate x(6).
-9
Suppose -7*h - 19638 = -19624. Let c(w) = 3*w**2 + w + 1. What is c(h)?
11
Let p be (-6 - -2 - -5)/1. Let m(h) = -464*h - 463*h + 929*h - 25*h**3 - 1 - h**2. Determine m(p).
-25
Let y = -257 + 268. Let h(u) = 3*u + 17. Give h(y).
50
Let s(g) be the first derivative of 15*g**2/2 - 51*g + 30. Let r be s(5). Let z be (0 - -10)*12/r. Let b(d) = d**3 - 4*d**2 - 7*d + 4. Calculate b(z).
-6
Let p(b) = -b**3 - 5*b**2 + 14*b + 4. Let n be (-1)/(-10) + 11895/(-1950). Calculate p(n).
-44
Let v(j) be the third derivative of j**7/840 - j**6/72 - j**5/24 - j**4/3 + 71*j**3/6 - 2*j**2 - 11. Let x(f) be the first derivative of v(f). Give x(6).
-2
Let m(a) = 2*a**2 - 12*a + 22. Suppose -2*k + 43 = -5*i + 24, 0 = 4*k + 5*i + 7. Determine m(k).
6
Let z(x) = -11*x**3 - 3*x**3 + 13*x**3 - 7*x + 7*x**2 + 6 - 2*x. Suppose 0 = -2*k - 2*b + 4, 55*k + 2*b - 22 = 50*k. What is z(k)?
-12
Let f(h) = -h - 6. Let c(y) = 5*y + 25. Let m(w) = -4*c(w) - 18*f(w). Suppose -49*v - 261*v + 1020 = -1770. Calculate m(v).
-10
Let b = -2972 + 2964. Let d(f) = f**2 + 14*f + 45. Give d(b).
-3
Let o(n) = n - 7. Suppose 5*d + 15 = 0, -c + 59 = -3*d - 0. Let i be (-30)/(-2)*40/c. Suppose 0 = -k + 3*k - i. Calculate o(k).
-1
Let m(x) = -3*x. Suppose -4*a + 5*a = -124. Let o = a + 125. Give m(o).
-3
Let l(p) = -5 + 0*p**2 - p**2 - 6*p - p**2 + 3*p**2. Let o be (-36)/(-8) + (15/10 - 0/2). Give l(o).
-5
Let h(n) = -4*n**2 - 13*n - 1. Let r(s) = -s**2 - s + 2. Let c(b) = h(b) - 5*r(b). Give c(8).
-11
Let h(y) = 64*y**2 + 17*y + 69. Let k(j) = -13*j**2 + j. Let c(m) = -h(m) - 5*k(m). Calculate c(-3).
6
Let c(o) = -o**3 + 5*o**2 + 5*o - 7. Let a(v) = 3*v**2 + 14*v - 70. Let s be a(4). Suppose -s*t = -81 - 123. Give c(t).
-13
Let p = -4376 + 4366. Let r(v) = v**2 + 16*v + 66. Calculate r(p).
6
Suppose 3*a - 2*r + 25 = 0, 103*r - 107*r = -12*a - 128. Let u(f) = -f**3 - 13*f**2 + 5*f + 4. Give u(a).
-61
Let h be (-4)/60 + (-1600)/(-1500). Let j(f) = -113*f + 5. What is j(h)?
-108
Let d(h) be the third derivative of -h**6/120 - h**5/20 + 5*h**4/24 + 4*h**2. Let p be (-185)/(-15) + -12 + (-39)/9. Give d(p).
-4
Let q be 44/2 + -12 + 8. Let k = -19 + q. Let u(f) = -12*f**2 - 4*f. Let n(m) = 37*m**2 + 11*m. Let z(s) = 4*n(s) + 11*u(s). Give z(k).
16
Let f(m) = -4322*m + m**2 + 17 + 20 + 4339*m. Give f(-3).
-5
Let z(u) = 1893*u**3 + 6*u**2 + 5*u - 1892*u**3 + 114 - 91. Determine z(-7).
-61
Let o be -7 - (2/(6/(-27)) - 5/5). Let d(h) be the first derivative of -h**3/3 + 3*h**2 - 12. Determine d(o).
9
Let u(w) be the third derivative of 25*w**4/12 - 6*w**2 + 8*w - 4. Give u(0).
0
Let z(q) be the second derivative of q**4/12 - 2*q**3/3 + q**2/2 + 696*q + 2. Suppose -4*o + 5 = -7. Give z(o).
-2
Let w(y) be the first derivative of -y**6/360 - y**5/20 - 5*y**4/12 - 10*y**3/3 + 3*y**2/2 + 55. Let f(l) be the third derivative of w(l). Determine f(-4).
-2
Let r(k) = -k**2 + 12*k + 8. Let g(u) = -7*u - 286*u**2 + 284*u**2 + 31*u + 15. Let x(j) = -3*g(j) + 5*r(j). What is x(12)?
-5
Let s(w) = 21*w - 41. Let l(q) = -263*q + 494. Let j(t) = 2*l(t) + 25*s(t). What is j(0)?
-37
Let i = 155 + -151. Let f(m) = -3*m + 4*m - 5*m**2 - i*m + 4*m**2. Calculate f(-5).
-10
Let d(l) = -8*l + 73. Let m be d(8). Suppose -2*j + 5*v + 2 = 0, 5*j - 4*v = m*j - 32. Let n(f) = f**3 - 6*f**2 + 2*f - 5. Give n(j).
7
Suppose -3 = -3*l + 2*l. Let b(u) be the second derivative of -u**4/6 + 2*u**2 + 10*u + 15. Determine b(l).
-14
Let g be ((-9)/((-3)/1) + 1)/2. Suppose -3*n = -g*n + 2*h - 20, -4*n - 5*h + 86 = 0. Suppose -y + n = -5*y. Let q(w) = w**3 + 5*w**2 - 6*w + 6. Give q(y).
6
Let v(b) be the third derivative of 0*b - b**3 - 1/6*b**4 + 8*b**2 + 2. What is v(-4)?
10
Let s(r) = 14*r**2 + 11*r - 1. Let m(w) = -4*w**2 - w + 1. Let q(f) = 6*m(f) + 2*s(f). Give q(-5).
24
Let c(o) = -6*o + 9. Let y(t) = t**3 - 19*t**2 - 41*t - 25. Let j be y(21). Let m(l) = -3*l + 5. Let z(a) = j*c(a) + 7*m(a). Give z(3).
8
Let p be 0 - (1/(-1) - 2). Let j(i) = 3 - 5*i + 1 - p + 14*i. Let n be ((-2)/1)/(1 + 1). Give j(n).
-8
Let l(q) = -40*q**3 - 4*q**2 - 3*q + 1. Let x(u) = 39*u**3 + 3*u**2 + 2*u - 1. Let s(v) = 2*l(v) + 3*x(v). Determine s(1).
37
Suppose 42 = 13*c + 8*c. Let p(a) = 6*a + 344*a**2 - 168*a**c - 8 - 175*a**2. Give p(-6).
-8
Let h(y) = -11*y**2 + 14*y - 13. Let k(t) = 5*t**2 - 3*t + 6. Let f(z) = -z. Let r(x) = 4*f(x) + k(x). Let m(c) = -4*h(c) - 9*r(c). Give m(7).
-2
Let p(i) = i**3 + 6*i**2 + 3*i - 1. Let d(m) = 4*m**3 + 19*m**2 + 9*m - 3. Suppose 0 = -15*f + 76 + 29. Let o(n) = f*p(n) - 2*d(n). Determine o(5).
-11
Let y(v) = 550*v**3 - v**2 - 5*v - 4. Let d be y(-1). Let x = -554 - d. Let b(s) = s**2 + 6*s + 1. Determine b(x).
-7
Let w(m) = -m**2 + 23*m - 24. Let p be w(22). Let u be 33*(32/12)/p. Let q be (-53)/(-11) - 8/u. Let b(s) = s**3 - 4*s**2 - 6*s. Calculate b(q).
-5
Let s(p) be the third derivative of p**4/24 - 52*p**2 + 4. Give s(0).
0
Let s = 623 - 623. Let h(x) = -5*x**2 + 4*x**2 + s + 6 - 3 - 2. Determine h(-1).
0
Let i(p) = -9*p**2 + 5 + 5 - p**3 + 25*p**2 + 13*p + 0 - 4. Determine i(17).
-62
Let c(v) be the first derivative of v**3/3 + 7*v**2/2 - 3*v + 239. Calculate c(-3).
-15
Suppose -53 = -c + 31. Let d be 204/c - (-6)/(-14). Let k(i) = 7*i + i - 3*i + 2 - i**d - 3*i. Calculate k(2).
2
Let i(v) = -6*v + 1. Let w(n) = -14*n + 2. Let l = 218 - 223. Let k(b) = l*i(b) + 2*w(b). What is k(3)?
5
Let n(v) = -v**3 + 7*v**2 - 17. Suppose -6*s = -1264 + 1228. Determine n(s).
19
Let z = -676 - -678. Suppose 30 = 4*i - z*y, -5*y + 9 = 2*i - 12. Let c(h) = h**2 - 9*h - 9. Give c(i).
-17
Suppose 9 - 18 = -3*p. Let o(v) = -v**3 - p*v**3 + 